{"id":34,"date":"2012-02-28T12:05:01","date_gmt":"2012-02-28T12:05:01","guid":{"rendered":"http:\/\/www.eigersunddyreklinikk.no\/wp1\/?page_id=34"},"modified":"2024-11-25T14:20:19","modified_gmt":"2024-11-25T14:20:19","slug":"hest","status":"publish","type":"page","link":"http:\/\/www.eigersunddyreklinikk.no\/wp1\/?page_id=34","title":{"rendered":"Hest"},"content":{"rendered":"<p>Eigersund Dyreklinikk tilbyr tjenester og veterin\u00e6rer til heste &amp; storfe ved Veterin\u00e6rene Nyland &amp; Malmei AS.\u00a0<\/p>\n<p>\u00d8nsker du bistand med dette kan du kontakte veterin\u00e6r Tore Malmei p\u00e5 90 05 92 22 eller Solvor Nyland Malmei p\u00e5 47 17 92 06.<\/p>\n<p><a href=\"http:\/\/www.eigersunddyreklinikk.no\/wp1\/wp-content\/uploads\/2012\/02\/vet_horse.jpg\"><img loading=\"lazy\" decoding=\"async\" class=\"size-thumbnail wp-image-54 aligncenter\" title=\"vet_horse\" src=\"http:\/\/www.eigersunddyreklinikk.no\/wp1\/wp-content\/uploads\/2012\/02\/vet_horse-150x150.jpg\" alt=\"\" width=\"150\" height=\"150\" \/><\/a><\/p>\n<p>&nbsp;<\/p>\n\n\n<p><\/p>\n","protected":false},"excerpt":{"rendered":"<p>Eigersund Dyreklinikk tilbyr tjenester og veterin\u00e6rer til heste &amp; storfe ved Veterin\u00e6rene Nyland &amp; Malmei AS.\u00a0 \u00d8nsker du bistand med dette kan du kontakte veterin\u00e6r Tore Malmei p\u00e5 90 05 92 22 eller Solvor Nyland Malmei p\u00e5 47 17 92 06. &nbsp;<\/p>\n","protected":false},"author":1,"featured_media":0,"parent":0,"menu_order":5,"comment_status":"closed","ping_status":"closed","template":"","meta":{"footnotes":""},"class_list":["post-34","page","type-page","status-publish","hentry"],"_links":{"self":[{"href":"http:\/\/www.eigersunddyreklinikk.no\/wp1\/index.php?rest_route=\/wp\/v2\/pages\/34","targetHints":{"allow":["GET"]}}],"collection":[{"href":"http:\/\/www.eigersunddyreklinikk.no\/wp1\/index.php?rest_route=\/wp\/v2\/pages"}],"about":[{"href":"http:\/\/www.eigersunddyreklinikk.no\/wp1\/index.php?rest_route=\/wp\/v2\/types\/page"}],"author":[{"embeddable":true,"href":"http:\/\/www.eigersunddyreklinikk.no\/wp1\/index.php?rest_route=\/wp\/v2\/users\/1"}],"replies":[{"embeddable":true,"href":"http:\/\/www.eigersunddyreklinikk.no\/wp1\/index.php?rest_route=%2Fwp%2Fv2%2Fcomments&post=34"}],"version-history":[{"count":8,"href":"http:\/\/www.eigersunddyreklinikk.no\/wp1\/index.php?rest_route=\/wp\/v2\/pages\/34\/revisions"}],"predecessor-version":[{"id":247,"href":"http:\/\/www.eigersunddyreklinikk.no\/wp1\/index.php?rest_route=\/wp\/v2\/pages\/34\/revisions\/247"}],"wp:attachment":[{"href":"http:\/\/www.eigersunddyreklinikk.no\/wp1\/index.php?rest_route=%2Fwp%2Fv2%2Fmedia&parent=34"}],"curies":[{"name":"wp","href":"https:\/\/api.w.org\/{rel}","templated":true}]}}